99.
17, 347
List the prime factors of 2245.
5, 449
What are the prime factors of 93009?
3, 7, 43, 103
List the prime factors of 5913.
3, 73
List the prime factors of 180.
2, 3, 5
What are the prime factors of 56438?
2, 28219
What are the prime factors of 9931?
9931
List the prime factors of 46486.
2, 11, 2113
What are the prime factors of 504?
2, 3, 7
List the prime factors of 1561.
7, 223
List the prime factors of 19518.
2, 3, 3253
What are the prime factors of 3201?
3, 11, 97
What are the prime factors of 23081?
23081
List the prime factors of 6756.
2, 3, 563
What are the prime factors of 11819?
53, 223
What are the prime factors of 96239?
11, 13, 673
List the prime factors of 77123.
233, 331
What are the prime factors of 31713?
3, 11, 31
List the prime factors of 7.
7
What are the prime factors of 30966?
2, 3, 13, 397
List the prime factors of 10807.
101, 107
List the prime factors of 16487.
16487
What are the prime factors of 25090?
2, 5, 13, 193
List the prime factors of 994.
2, 7, 71
List the prime factors of 2602.
2, 1301
List the prime factors of 17818.
2, 59, 151
List the prime factors of 488.
2, 61
What are the prime factors of 51351?
3, 17117
List the prime factors of 336.
2, 3, 7
List the prime factors of 87111.
3, 9679
What are the prime factors of 81017?
81017
List the prime factors of 25699.
31, 829
What are the prime factors of 230?
2, 5, 23
What are the prime factors of 50051?
50051
List the prime factors of 1393.
7, 199
What are the prime factors of 2155?
5, 431
List the prime factors of 4943.
4943
What are the prime factors of 9876?
2, 3, 823
What are the prime factors of 39136?
2, 1223
What are the prime factors of 15617?
7, 23, 97
List the prime factors of 5385.
3, 5, 359
List the prime factors of 52716.
2, 3, 23, 191
What are the prime factors of 2311?
2311
What are the prime factors of 5218?
2, 2609
What are the prime factors of 41855?
5, 11, 761
List the prime factors of 8808.
2, 3, 367
What are the prime factors of 617?
617
List the prime factors of 668.
2, 167
List the prime factors of 4515.
3, 5, 7, 43
List the prime factors of 825.
3, 5, 11
List the prime factors of 129336.
2, 3, 17, 317
What are the prime factors of 86317?
7, 11, 19, 59
List the prime factors of 1180.
2, 5, 59
What are the prime factors of 4805?
5, 31
What are the prime factors of 15631?
7, 11, 29
What are the prime factors of 1810?
2, 5, 181
List the prime factors of 1540.
2, 5, 7, 11
List the prime factors of 2549.
2549
List the prime factors of 3532.
2, 883
What are the prime factors of 221?
13, 17
What are the prime factors of 201?
3, 67
What are the prime factors of 1224?
2, 3, 17
List the prime factors of 2458.
2, 1229
List the prime factors of 4130.
2, 5, 7, 59
List the prime factors of 3.
3
List the prime factors of 34221.
3, 11, 17, 61
What are the prime factors of 69451?
199, 349
List the prime factors of 11873.
31, 383
What are the prime factors of 5273?
5273
List the prime factors of 9884.
2, 7, 353
List the prime factors of 38239.
38239
List the prime factors of 815.
5, 163
What are the prime factors of 1346?
2, 673
List the prime factors of 1093.
1093
What are the prime factors of 3357?
3, 373
What are the prime factors of 8092?
2, 7, 17
What are the prime factors of 6261?
3, 2087
What are the prime factors of 2347?
2347
What are the prime factors of 15966?
2, 3, 887
What are the prime factors of 921?
3, 307
What are the prime factors of 52998?
2, 3, 11, 73
List the prime factors of 79857.
3, 19, 467
What are the prime factors of 1055?
5, 211
What are the prime factors of 91015?
5, 109, 167
List the prime factors of 614.
2, 307
What are the prime factors of 104057?
17, 6121
What are the prime factors of 30339?
3, 3371
List the prime factors of 795.
3, 5, 53
What are the prime factors of 338?
2, 13
What are the prime factors of 7030?
2, 5, 19, 37
List the prime factors of 998.
2, 499
What are the prime factors of 25183?
25183
What are the prime factors of 59125?
5, 11, 43
List the prime factors of 667.
23, 29
List the prime factors of 12435.
3, 5, 829
List the prime factors of 34081.
173, 197
What are the prime factors of 145351?
191, 761
What are the prime factors of 1163?
1163
List the prime factors of 2711.
2711
List the prime factors of 22577.
107, 211
What are the prime factors of 4719?
3, 11, 13
What are the prime factors of 15001?
7, 2143
List the prime factors of 1820.
2, 5, 7, 13
List the prime factors of 816.
2, 3, 17
What are the prime factors of 67033?
67033
What are the prime factors of 48772?
2, 89, 137
What are the prime factors of 16245?
3, 5, 19
What are the prime factors of 12985?
5, 7, 53
List the prime factors of 2903.
2903
List the prime factors of 13681.
13681
List the prime factors of 971.
971
List the prime factors of 2504.
2, 313
List the prime factors of 3459.
3, 1153
What are the prime factors of 10158?
2, 3, 1693
List the prime factors of 10704.
2, 3, 223
What are the prime factors of 2389?
2389
List the prime factors of 62008.
2, 23, 337
List the prime factors of 8270.
2, 5, 827
List the prime factors of 30356.
2, 7589
List the prime factors of 697.
17, 41
List the prime factors of 8785.
5, 7, 251
List the prime factors of 408.
2, 3, 17
List the prime factors of 27797.
7, 11, 19
List the prime factors of 1424.
2, 89
What are the prime factors of 88337?
88337
What are the prime factors of 3973?
29, 137
List the prime factors of 103576.
2, 11, 107
List the prime factors of 12140.
2, 5, 607
List the prime factors of 5308.
2, 1327
List the prime factors of 8937.
3, 331
What are the prime factors of 721?
7, 103
List the prime factors of 86857.
86857
What are the prime factors of 620?
2, 5, 31
List the prime factors of 46026.
2, 3, 2557
List the prime factors of 42595.
5, 7, 1217
What are the prime factors of 325?
5, 13
List the prime factors of 142575.
3, 5, 1901
List the prime factors of 3565.
5, 23, 31
What are the prime factors of 3970?
2, 5, 397
List the prime factors of 18958.
2, 9479
What are the prime factors of 732?
2, 3, 61
What are the prime factors of 18440?
2, 5, 461
List the prime factors of 5070.
2, 3, 5, 13
List the prime factors of 8613.
3, 11, 29
List the prime factors of 1006.
2, 503
List the prime factors of 96453.
3, 7, 1531
What are the prime factors of 1167?
3, 389
What are the prime factors of 1663?
1663
List the prime factors of 5199.
3, 1733
List the prime factors of 1498.
2, 7, 107
List the prime factors of 1445.
5, 17
What are the prime factors of 14518?
2, 7, 17, 61
What are the prime factors of 38805?
3, 5, 13, 199
List the prime factors of 998.
2, 499
What are the prime factors of 35388?
2, 3, 983
What are the prime factors of 840?
2, 3, 5, 7
List the prime factors of 780.
2, 3, 5, 13
List the prime factors of 24985.
5, 19, 263
List the prime factors of 273.
3, 7, 13
What are the prime factors of 596?
2, 149
List the prime factors of 21823.
139, 157
What are the prime factors of 48116?
2, 23, 523
What are the prime factors of 17131?
37, 463
List the prime factors of 875.
5, 7
List the prime factors of 3832.
2, 479
List the prime factors of 82661.
131, 631
What are the prime factors of 79005?
3, 5, 23, 229
List the prime factors of 5915.
5, 7, 13
List the prime factors of 4387.
41, 107
List the prime factors of 1574.
2, 787
List the prime factors of 24243.
3, 8081
List the prime factors of 9790.
2, 5, 11, 89
List the prime factors of 2671.
2671
What are the prime factors of 1211?
7, 173
What are the prime factors of 12323?
12323
What are the prime factors of 1144?
2, 11, 13
List the prime factors of 31143.
3, 7, 1483
What are the prime factors of 9014?
2, 4507
List the prime factors of 6069.
3, 7, 17
List the prime factors of 477.
3, 53
List the prime factors of 6789.
3, 31, 73
List the prime factors of 17971.
17971
What are the prime factors of 1085?
5, 7, 31
List the prime factors of 2519.
11, 229
List the prime factors of 2154.
2, 3, 359
List the prime factors of 81.
3
List the prime factors of 34703.
34703
List the prime factors of 17900.
2, 5, 179
What are the prime factors of 31217?
19, 31, 53
What are the prime factors of 937?
937
List the prime factors of 240.
2, 3, 5
What are the prime factors of 4536?
2, 3, 7
List the prime factors of 1606.
2, 11, 73
What are the prime